 and 189.
27
Calculate the highest common factor of 522 and 99.
9
What is the greatest common factor of 562368 and 32?
32
What is the greatest common factor of 634049 and 272?
17
What is the greatest common factor of 8281 and 686?
49
What is the highest common divisor of 1 and 6354?
1
Calculate the highest common factor of 108 and 64620.
36
Calculate the greatest common divisor of 4214 and 8342.
86
What is the greatest common divisor of 173500 and 750?
250
What is the highest common divisor of 3672 and 378?
54
What is the greatest common divisor of 1090 and 20?
10
What is the highest common divisor of 9045 and 1728?
27
Calculate the highest common factor of 24136 and 448.
56
What is the greatest common divisor of 872 and 41747?
109
What is the greatest common factor of 15625 and 40?
5
What is the greatest common factor of 94500 and 168?
84
Calculate the greatest common factor of 20 and 96980.
20
What is the greatest common factor of 8274 and 5754?
42
What is the greatest common divisor of 128722 and 143?
11
Calculate the greatest common factor of 40663 and 2849.
259
Calculate the greatest common factor of 107587 and 542.
271
What is the greatest common factor of 260 and 3432?
52
What is the highest common factor of 288 and 2817?
9
Calculate the highest common factor of 28326 and 10.
2
What is the greatest common divisor of 33 and 2482491?
33
What is the highest common factor of 442 and 41860?
26
What is the highest common divisor of 30 and 3774?
6
What is the greatest common divisor of 92105 and 7630?
545
What is the greatest common divisor of 97782 and 344?
86
Calculate the greatest common factor of 228 and 207612.
12
Calculate the greatest common factor of 611 and 30446.
13
What is the greatest common factor of 7065 and 38465?
785
What is the highest common divisor of 2354 and 352?
22
Calculate the greatest common factor of 29 and 3362057.
29
Calculate the greatest common divisor of 3302 and 5461.
127
What is the greatest common factor of 85485 and 820?
205
What is the greatest common factor of 1524 and 118364?
508
What is the highest common divisor of 2155 and 690031?
431
Calculate the greatest common factor of 83440 and 100.
20
What is the highest common divisor of 58767 and 6612?
57
What is the highest common factor of 54 and 4467987?
27
Calculate the highest common divisor of 108 and 195.
3
Calculate the greatest common factor of 820 and 10380.
20
Calculate the highest common divisor of 249 and 94288.
83
What is the greatest common divisor of 8424 and 1716?
156
Calculate the highest common divisor of 559 and 1519921.
559
What is the greatest common factor of 2850 and 5400?
150
What is the highest common divisor of 504 and 1041600?
168
Calculate the greatest common factor of 18260 and 200.
20
Calculate the greatest common factor of 20834 and 88.
22
Calculate the highest common factor of 56 and 2002693.
7
What is the highest common divisor of 8302 and 112?
14
What is the greatest common divisor of 7111896 and 121?
121
What is the highest common divisor of 19266 and 1824?
114
Calculate the highest common factor of 9 and 8075.
1
What is the highest common factor of 54 and 21159?
9
Calculate the greatest common divisor of 150 and 2575550.
50
Calculate the greatest common factor of 13246140 and 2216.
1108
What is the highest common factor of 1541154 and 14234?
1294
Calculate the greatest common divisor of 32 and 21956.
4
Calculate the greatest common factor of 1872 and 5679.
9
What is the greatest common factor of 5473644 and 132?
132
Calculate the greatest common divisor of 856 and 232.
8
What is the greatest common factor of 7904 and 22048?
416
What is the greatest common divisor of 475 and 167675?
475
Calculate the greatest common divisor of 2754 and 292842.
918
What is the highest common factor of 13857184 and 22?
22
Calculate the highest common divisor of 228 and 60156.
12
What is the highest common divisor of 203 and 794426?
29
What is the highest common factor of 145770 and 78690?
1290
Calculate the greatest common factor of 2530 and 19090.
230
Calculate the highest common factor of 46 and 33764.
46
What is the greatest common factor of 9307 and 4?
1
Calculate the highest common divisor of 553 and 1914802.
79
What is the greatest common divisor of 8930 and 2570?
10
Calculate the greatest common divisor of 483683 and 209.
19
What is the greatest common factor of 122 and 1489742?
122
What is the greatest common divisor of 56888 and 312?
104
What is the highest common divisor of 153 and 35292?
51
Calculate the highest common factor of 33 and 637208.
11
What is the greatest common divisor of 30 and 14882430?
30
Calculate the highest common divisor of 17574 and 2121.
303
What is the greatest common factor of 88389 and 189?
63
Calculate the greatest common divisor of 14818 and 956.
478
Calculate the greatest common divisor of 9176620 and 310.
310
What is the highest common factor of 53067 and 784?
49
Calculate the highest common divisor of 1185714 and 2394.
342
Calculate the highest common factor of 7803 and 467024.
289
What is the highest common factor of 28 and 64?
4
What is the highest common factor of 36191 and 3?
1
Calculate the highest common divisor of 161 and 1456889.
161
What is the highest common factor of 1050 and 102228?
42
Calculate the highest common factor of 41 and 26826669.
41
Calculate the highest common divisor of 876 and 3564.
12
Calculate the highest common divisor of 7120 and 20880.
80
Calculate the greatest common factor of 196590 and 10.
10
Calculate the greatest common divisor of 112230 and 11310.
870
Calculate the greatest common factor of 483876 and 36.
36
What is the highest common divisor of 1184 and 32888?
8
Calculate the greatest common divisor of 18227 and 33.
11
What is the greatest common divisor of 42 and 420294?
42
Calculate the highest common factor of 80 and 71824.
16
Calculate the highest common divisor of 14 and 888986.
14
What is the highest common factor of 57 and 19059?
3
Calculate the highest common factor of 369511 and 2007.
223
Calculate the highest common divisor of 18412 and 4.
4
What is the highest common factor of 12 and 64194?
6
What is the highest common divisor of 355824 and 216?
72
Calculate the highest common factor of 3 and 79753.
1
Calculate the greatest common factor of 486 and 382806.
162
What is the highest common divisor of 1715 and 68257?
343
Calculate the greatest common factor of 286474 and 9988.
454
Calculate the greatest common factor of 491192 and 312.
104
Calculate the highest common factor of 17756 and 579.
193
Calculate the highest common factor of 34 and 61625.
17
Calculate the greatest common divisor of 1026 and 2403.
27
Calculate the greatest common factor of 25527 and 5561.
67
What is the highest common divisor of 259 and 48137?
37
What is the greatest common factor of 191358 and 162?
18
What is the greatest common divisor of 56613 and 835?
167
Calculate the highest common divisor of 31537 and 141.
47
Calculate the highest common factor of 3960 and 4770.
90
Calculate the highest common factor of 6603 and 4473.
213
Calculate the greatest common factor of 130778 and 92.
46
What is the highest common factor of 987 and 281757?
21
Calculate the highest common factor of 71032 and 3224.
104
What is the greatest common factor of 2940 and 65100?
420
Calculate the highest common divisor of 1029 and 27293.
49
What is the greatest common divisor of 16112 and 3816?
424
Calculate the greatest common divisor of 12139 and 3.
1
What is the highest common divisor of 44 and 13051654?
22
What is the greatest common divisor of 232432 and 584?
584
Calculate the greatest common divisor of 892535 and 735.
245
Calculate the highest common divisor of 38600 and 847656.
1544
What is the highest common divisor of 5894 and 1428?
14
What is the highest common factor of 6891 and 39?
3
What is the highest common divisor of 878455 and 5?
5
Calculate the highest common divisor of 2218 and 2.
2
Calculate the highest common factor of 2170 and 560728.
434
Calculate the greatest common divisor of 39104 and 192.
64
Calculate the greatest common divisor of 84885 and 40.
5
What is the greatest common divisor of 2514688 and 66?
22
What is the greatest common divisor of 7452 and 2300?
92
Calculate the highes